{"id":2548,"date":"2011-10-04T13:52:17","date_gmt":"2011-10-04T18:52:17","guid":{"rendered":"http:\/\/enutrica.wordpress.com\/?page_id=2548"},"modified":"2026-02-01T12:49:15","modified_gmt":"2026-02-01T18:49:15","slug":"wtpgenutrica","status":"publish","type":"page","link":"https:\/\/enutrica.com\/web\/empresa\/wtpgenutrica\/","title":{"rendered":"#WTPGenutrica"},"content":{"rendered":"\n<figure class=\"wp-block-image size-large is-resized\"><img loading=\"lazy\" decoding=\"async\" width=\"1024\" height=\"600\" src=\"https:\/\/enutrica.com\/web\/wp-content\/uploads\/2025\/07\/wtp-1024x600.jpg\" alt=\"\" class=\"wp-image-5924\" style=\"width:1057px;height:auto\" srcset=\"https:\/\/enutrica.com\/web\/wp-content\/uploads\/2025\/07\/wtp-1024x600.jpg 1024w, https:\/\/enutrica.com\/web\/wp-content\/uploads\/2025\/07\/wtp-300x176.jpg 300w, https:\/\/enutrica.com\/web\/wp-content\/uploads\/2025\/07\/wtp-768x450.jpg 768w, https:\/\/enutrica.com\/web\/wp-content\/uploads\/2025\/07\/wtp-1536x901.jpg 1536w, https:\/\/enutrica.com\/web\/wp-content\/uploads\/2025\/07\/wtp-2048x1201.jpg 2048w\" sizes=\"auto, (max-width: 1024px) 100vw, 1024px\" \/><\/figure>\n\n\n\n<p>#WTPGenutrica (Work Training Program Group enutrica)Es nuestro programa de reclutamiento, entrenamiento laboral y educaci\u00f3n dual de enutrica\u00ae y sus subunidades de negocio a cargo de la Subdirecci\u00f3n de Recursos Humanos y Cultura Laboral.<\/p>\n\n\n\n<p>En #WTPGenutrica capacitamos y entrenamos a estudiantes bajo el formato de educaci\u00f3n dual, a quienes buscan realizar Pr\u00e1cticas, Estad\u00edas profesionales, Servicio Social y a personal de nuevo ingreso en el conocimiento, adaptaci\u00f3n, adopci\u00f3n y apropiaci\u00f3n de nuestra <a href=\"https:\/\/enutrica.com\/web\/empresa\/wtp-enutrica\/\" data-type=\"link\" data-id=\"https:\/\/enutrica.com\/web\/empresa\/wtp-enutrica\/\">cultura enutrica\u00ae<\/a> para la mejora continua de la capacidad resolutiva inmediata creativa con resiliencia que permitan crear soluciones en fondo, forma y tiempo que superen la expectativa de nuestros clientes satisfaciendo sus necesidades empresariales, para el alcance de nuestra visi\u00f3n empresarial a la par del desarrollo profesional, laboral y movilidad social de nuestro personal.<\/p>\n\n\n\n<p>Si quieres unirte a nuestro equipo y vivir la experiencia de ayudar a nuestros clientes mediante tus actitudes, conocimientos, habilidades y creatividad que te hacen \u00fanico, te invitamos a conocer la <a href=\"https:\/\/enutrica.com\/web\/empresa\/wtp-enutrica\/\" data-type=\"page\" data-id=\"2548\">cultura enutrica\u00ae<\/a> de nuestra empresa y una vez que hayas le\u00eddo a fondo la informaci\u00f3n, solicita tu entrevista en el siguiente link. (Se requerir\u00e1 tu CV), posteriormente a la entrevista se te dara acceso al curso de inducci\u00f3n (1 semana) y 3 semanas de gu\u00eda <strong>#WTPGenutrica<\/strong>, y con ello \u00a1Bienvenido al equipo!<\/p>\n\n\n<div class=\"wp-block-image\">\n<figure class=\"aligncenter size-large is-resized\"><a href=\"https:\/\/forms.gle\/VetvZnkN5JgU6VBw5\" target=\"_blank\"><img loading=\"lazy\" decoding=\"async\" width=\"1024\" height=\"600\" src=\"https:\/\/enutrica.com\/web\/wp-content\/uploads\/2025\/07\/Autocopia_de_seguridad_deICONOGRAFIA-2015-1-1024x600.jpg\" alt=\"\" class=\"wp-image-5818\" style=\"width:481px;height:auto\" srcset=\"https:\/\/enutrica.com\/web\/wp-content\/uploads\/2025\/07\/Autocopia_de_seguridad_deICONOGRAFIA-2015-1-1024x600.jpg 1024w, https:\/\/enutrica.com\/web\/wp-content\/uploads\/2025\/07\/Autocopia_de_seguridad_deICONOGRAFIA-2015-1-300x176.jpg 300w, https:\/\/enutrica.com\/web\/wp-content\/uploads\/2025\/07\/Autocopia_de_seguridad_deICONOGRAFIA-2015-1-768x450.jpg 768w, https:\/\/enutrica.com\/web\/wp-content\/uploads\/2025\/07\/Autocopia_de_seguridad_deICONOGRAFIA-2015-1-1536x901.jpg 1536w, https:\/\/enutrica.com\/web\/wp-content\/uploads\/2025\/07\/Autocopia_de_seguridad_deICONOGRAFIA-2015-1-2048x1201.jpg 2048w\" sizes=\"auto, (max-width: 1024px) 100vw, 1024px\" \/><\/a><\/figure><\/div>\n\n\n<pre class=\"wp-block-preformatted\">En cumplimiento de la &nbsp;Ley Federal de Protecci\u00f3n de Datos Personales en Posesi\u00f3n de los Particulares (LFPDP).Los datos recabados en esta pagina web quedan sujetos al aviso de privacidad&nbsp;(Leer el aviso de privacidad)&nbsp;Ultima actualizaci\u00f3n:1206-24072025\u00a9<br><\/pre>\n","protected":false},"excerpt":{"rendered":"<p>#WTPGenutrica (Work Training Program Group enutrica)Es nuestro programa de reclutamiento, entrenamiento laboral y educaci\u00f3n dual de enutrica\u00ae y sus subunidades de negocio a cargo de la Subdirecci\u00f3n de Recursos Humanos y Cultura<a class=\"moretag\" href=\"https:\/\/enutrica.com\/web\/empresa\/wtpgenutrica\/\">Leer m\u00e1s&#8230;<\/a><\/p>\n","protected":false},"author":1,"featured_media":0,"parent":5,"menu_order":3,"comment_status":"closed","ping_status":"closed","template":"","meta":{"footnotes":""},"class_list":["post-2548","page","type-page","status-publish","hentry"],"_links":{"self":[{"href":"https:\/\/enutrica.com\/web\/wp-json\/wp\/v2\/pages\/2548","targetHints":{"allow":["GET"]}}],"collection":[{"href":"https:\/\/enutrica.com\/web\/wp-json\/wp\/v2\/pages"}],"about":[{"href":"https:\/\/enutrica.com\/web\/wp-json\/wp\/v2\/types\/page"}],"author":[{"embeddable":true,"href":"https:\/\/enutrica.com\/web\/wp-json\/wp\/v2\/users\/1"}],"replies":[{"embeddable":true,"href":"https:\/\/enutrica.com\/web\/wp-json\/wp\/v2\/comments?post=2548"}],"version-history":[{"count":61,"href":"https:\/\/enutrica.com\/web\/wp-json\/wp\/v2\/pages\/2548\/revisions"}],"predecessor-version":[{"id":6000,"href":"https:\/\/enutrica.com\/web\/wp-json\/wp\/v2\/pages\/2548\/revisions\/6000"}],"up":[{"embeddable":true,"href":"https:\/\/enutrica.com\/web\/wp-json\/wp\/v2\/pages\/5"}],"wp:attachment":[{"href":"https:\/\/enutrica.com\/web\/wp-json\/wp\/v2\/media?parent=2548"}],"curies":[{"name":"wp","href":"https:\/\/api.w.org\/{rel}","templated":true}]}}